{"id":9,"date":"2018-01-19T16:01:28","date_gmt":"2018-01-19T15:01:28","guid":{"rendered":"https:\/\/volgueta.com\/informacion\/?page_id=9"},"modified":"2025-04-16T08:55:52","modified_gmt":"2025-04-16T07:55:52","slug":"comprar-volgueta","status":"publish","type":"page","link":"https:\/\/www.volgueta.com\/informacion\/comprar-volgueta\/","title":{"rendered":"Comprar las joyas"},"content":{"rendered":"\n<div class=\"wp-block-columns is-layout-flex wp-container-core-columns-is-layout-9d6595d7 wp-block-columns-is-layout-flex\">\n<div class=\"wp-block-column is-layout-flow wp-block-column-is-layout-flow\">\n<h2 class=\"wp-block-heading has-luminous-vivid-amber-color has-text-color\">Tienda online <\/h2>\n\n\n\n<p class=\"has-medium-font-size\"><a href=\"https:\/\/www.volgueta.com\/\" target=\"_blank\" rel=\"noreferrer noopener\">www.volgueta.com<\/a><\/p>\n\n\n\n<div class=\"wp-block-buttons is-layout-flex wp-block-buttons-is-layout-flex\"><\/div>\n\n\n\n<figure class=\"wp-block-image size-large\"><a href=\"https:\/\/www.volgueta.com\/informacion\/wp-content\/uploads\/2021\/02\/06-residu-zero.jpg\"><img loading=\"lazy\" decoding=\"async\" width=\"1024\" height=\"680\" src=\"https:\/\/www.volgueta.com\/informacion\/wp-content\/uploads\/2021\/02\/06-residu-zero-1024x680.jpg\" alt=\"\" class=\"wp-image-549\" srcset=\"https:\/\/www.volgueta.com\/informacion\/wp-content\/uploads\/2021\/02\/06-residu-zero-1024x680.jpg 1024w, https:\/\/www.volgueta.com\/informacion\/wp-content\/uploads\/2021\/02\/06-residu-zero-300x199.jpg 300w, https:\/\/www.volgueta.com\/informacion\/wp-content\/uploads\/2021\/02\/06-residu-zero-768x510.jpg 768w, https:\/\/www.volgueta.com\/informacion\/wp-content\/uploads\/2021\/02\/06-residu-zero.jpg 1080w\" sizes=\"auto, (max-width: 767px) 89vw, (max-width: 1000px) 54vw, (max-width: 1071px) 543px, 580px\" \/><\/a><\/figure>\n\n\n\n<div class=\"wp-block-buttons is-layout-flex wp-block-buttons-is-layout-flex\">\n<div class=\"wp-block-button is-style-outline is-style-outline--1\"><a class=\"wp-block-button__link has-black-color has-luminous-vivid-amber-background-color has-text-color has-background wp-element-button\" href=\"https:\/\/www.volgueta.com\/informacion\/catalogo-joyas-recicladas-volgueta\" target=\"_blank\" rel=\"noreferrer noopener\">Cat\u00e1logo<\/a><\/div>\n<\/div>\n\n\n\n<hr class=\"wp-block-separator has-css-opacity\"\/>\n<\/div>\n\n\n\n<div class=\"wp-block-column is-layout-flow wp-block-column-is-layout-flow\">\n<h2 class=\"wp-block-heading has-luminous-vivid-amber-color has-text-color\">Puntos de venta<\/h2>\n\n\n\n<p>GALERIA CONTEXT carrer Vi\u00f1olas 8-10 &#8211; Sant Cugat del Vall\u00e8s<\/p>\n\n\n\n<p><\/p>\n\n\n\n<p><\/p>\n\n\n\n<p>LA NATURA passeig Pompeu Fabra 17 bis &#8211; Llagostera<\/p>\n\n\n\n<p>ALTERNATIVO calle Jos\u00e9 del Toro 13 &#8211; C\u00e1diz<\/p>\n\n\n\n<p>CARACOLA calle Virgen del Carmen 1 &#8211; El Rompido, Huelva <\/p>\n<\/div>\n<\/div>\n\n\n\n<p class=\"has-small-font-size\">Febrero 2021: La tienda online a\u00fan no est\u00e1 operativa, usa el <a href=\"https:\/\/www.volgueta.com\/informacion\/contacto\/\" target=\"_blank\" rel=\"noreferrer noopener\">contacto<\/a> para hacer tus compras de joyas v\u00f6lgueta<\/p>\n","protected":false},"excerpt":{"rendered":"<p>Tienda online www.volgueta.com Puntos de venta GALERIA CONTEXT carrer Vi\u00f1olas 8-10 &#8211; Sant Cugat del Vall\u00e8s LA NATURA passeig Pompeu Fabra 17 bis &#8211; Llagostera ALTERNATIVO calle Jos\u00e9 del Toro 13 &#8211; C\u00e1diz CARACOLA calle Virgen del Carmen 1 &#8211; El Rompido, Huelva Febrero 2021: La tienda online a\u00fan no est\u00e1 operativa, usa el contacto &hellip; <\/p>\n<p class=\"link-more\"><a href=\"https:\/\/www.volgueta.com\/informacion\/comprar-volgueta\/\" class=\"more-link\">Continua llegint <span class=\"screen-reader-text\">\u00abComprar las joyas\u00bb<\/span><\/a><\/p>\n","protected":false},"author":1,"featured_media":0,"parent":0,"menu_order":0,"comment_status":"closed","ping_status":"closed","template":"","meta":{"footnotes":""},"class_list":["post-9","page","type-page","status-publish","hentry"],"yoast_head":"<!-- This site is optimized with the Yoast SEO plugin v27.5 - https:\/\/yoast.com\/product\/yoast-seo-wordpress\/ -->\n<title>Tienda online de v\u00f6lgueta, joyas de papel reciclado<\/title>\n<meta name=\"description\" content=\"Enlace a la tienda online de v\u00f6lgueta d\u00f3nde se pueden comprar las joyas de papel reciclado y informaci\u00f3n sobre puntos de venta.\" \/>\n<meta name=\"robots\" content=\"index, follow, max-snippet:-1, max-image-preview:large, max-video-preview:-1\" \/>\n<link rel=\"canonical\" href=\"https:\/\/www.volgueta.com\/informacion\/comprar-volgueta\/\" \/>\n<meta property=\"og:locale\" content=\"ca_ES\" \/>\n<meta property=\"og:type\" content=\"article\" \/>\n<meta property=\"og:title\" content=\"Tienda online de v\u00f6lgueta, joyas de papel reciclado\" \/>\n<meta property=\"og:description\" content=\"Enlace a la tienda online de v\u00f6lgueta d\u00f3nde se pueden comprar las joyas de papel reciclado y informaci\u00f3n sobre puntos de venta.\" \/>\n<meta property=\"og:url\" content=\"https:\/\/www.volgueta.com\/informacion\/comprar-volgueta\/\" \/>\n<meta property=\"og:site_name\" content=\"Joyas de papel reciclado v\u00f6lgueta\" \/>\n<meta property=\"article:publisher\" content=\"https:\/\/www.facebook.com\/volgueta\/\" \/>\n<meta property=\"article:modified_time\" content=\"2025-04-16T07:55:52+00:00\" \/>\n<meta property=\"og:image\" content=\"https:\/\/www.volgueta.com\/informacion\/wp-content\/uploads\/2021\/02\/06-residu-zero.jpg\" \/>\n\t<meta property=\"og:image:width\" content=\"1080\" \/>\n\t<meta property=\"og:image:height\" content=\"717\" \/>\n\t<meta property=\"og:image:type\" content=\"image\/jpeg\" \/>\n<meta name=\"twitter:card\" content=\"summary_large_image\" \/>\n<meta name=\"twitter:label1\" content=\"Temps estimat de lectura\" \/>\n\t<meta name=\"twitter:data1\" content=\"1 minut\" \/>\n<script type=\"application\/ld+json\" class=\"yoast-schema-graph\">{\"@context\":\"https:\\\/\\\/schema.org\",\"@graph\":[{\"@type\":\"WebPage\",\"@id\":\"https:\\\/\\\/www.volgueta.com\\\/informacion\\\/comprar-volgueta\\\/\",\"url\":\"https:\\\/\\\/www.volgueta.com\\\/informacion\\\/comprar-volgueta\\\/\",\"name\":\"Tienda online de v\u00f6lgueta, joyas de papel reciclado\",\"isPartOf\":{\"@id\":\"https:\\\/\\\/www.volgueta.com\\\/informacion\\\/#website\"},\"primaryImageOfPage\":{\"@id\":\"https:\\\/\\\/www.volgueta.com\\\/informacion\\\/comprar-volgueta\\\/#primaryimage\"},\"image\":{\"@id\":\"https:\\\/\\\/www.volgueta.com\\\/informacion\\\/comprar-volgueta\\\/#primaryimage\"},\"thumbnailUrl\":\"https:\\\/\\\/www.volgueta.com\\\/informacion\\\/wp-content\\\/uploads\\\/2021\\\/02\\\/06-residu-zero-1024x680.jpg\",\"datePublished\":\"2018-01-19T15:01:28+00:00\",\"dateModified\":\"2025-04-16T07:55:52+00:00\",\"description\":\"Enlace a la tienda online de v\u00f6lgueta d\u00f3nde se pueden comprar las joyas de papel reciclado y informaci\u00f3n sobre puntos de venta.\",\"breadcrumb\":{\"@id\":\"https:\\\/\\\/www.volgueta.com\\\/informacion\\\/comprar-volgueta\\\/#breadcrumb\"},\"inLanguage\":\"ca\",\"potentialAction\":[{\"@type\":\"ReadAction\",\"target\":[\"https:\\\/\\\/www.volgueta.com\\\/informacion\\\/comprar-volgueta\\\/\"]}]},{\"@type\":\"ImageObject\",\"inLanguage\":\"ca\",\"@id\":\"https:\\\/\\\/www.volgueta.com\\\/informacion\\\/comprar-volgueta\\\/#primaryimage\",\"url\":\"https:\\\/\\\/www.volgueta.com\\\/informacion\\\/wp-content\\\/uploads\\\/2021\\\/02\\\/06-residu-zero.jpg\",\"contentUrl\":\"https:\\\/\\\/www.volgueta.com\\\/informacion\\\/wp-content\\\/uploads\\\/2021\\\/02\\\/06-residu-zero.jpg\",\"width\":1080,\"height\":717},{\"@type\":\"BreadcrumbList\",\"@id\":\"https:\\\/\\\/www.volgueta.com\\\/informacion\\\/comprar-volgueta\\\/#breadcrumb\",\"itemListElement\":[{\"@type\":\"ListItem\",\"position\":1,\"name\":\"Portada\",\"item\":\"https:\\\/\\\/www.volgueta.com\\\/informacion\\\/\"},{\"@type\":\"ListItem\",\"position\":2,\"name\":\"Comprar las joyas\"}]},{\"@type\":\"WebSite\",\"@id\":\"https:\\\/\\\/www.volgueta.com\\\/informacion\\\/#website\",\"url\":\"https:\\\/\\\/www.volgueta.com\\\/informacion\\\/\",\"name\":\"Informaci\u00f3n sobre las joyas de papel reciclado v\u00f6lgueta\",\"description\":\"Informaci\u00f3n y otras not\u00edcias de inter\u00e9s sobre v\u00f6lgueta, joyas de papel reciclado\",\"potentialAction\":[{\"@type\":\"SearchAction\",\"target\":{\"@type\":\"EntryPoint\",\"urlTemplate\":\"https:\\\/\\\/www.volgueta.com\\\/informacion\\\/?s={search_term_string}\"},\"query-input\":{\"@type\":\"PropertyValueSpecification\",\"valueRequired\":true,\"valueName\":\"search_term_string\"}}],\"inLanguage\":\"ca\"}]}<\/script>\n<!-- \/ Yoast SEO plugin. -->","yoast_head_json":{"title":"Tienda online de v\u00f6lgueta, joyas de papel reciclado","description":"Enlace a la tienda online de v\u00f6lgueta d\u00f3nde se pueden comprar las joyas de papel reciclado y informaci\u00f3n sobre puntos de venta.","robots":{"index":"index","follow":"follow","max-snippet":"max-snippet:-1","max-image-preview":"max-image-preview:large","max-video-preview":"max-video-preview:-1"},"canonical":"https:\/\/www.volgueta.com\/informacion\/comprar-volgueta\/","og_locale":"ca_ES","og_type":"article","og_title":"Tienda online de v\u00f6lgueta, joyas de papel reciclado","og_description":"Enlace a la tienda online de v\u00f6lgueta d\u00f3nde se pueden comprar las joyas de papel reciclado y informaci\u00f3n sobre puntos de venta.","og_url":"https:\/\/www.volgueta.com\/informacion\/comprar-volgueta\/","og_site_name":"Joyas de papel reciclado v\u00f6lgueta","article_publisher":"https:\/\/www.facebook.com\/volgueta\/","article_modified_time":"2025-04-16T07:55:52+00:00","og_image":[{"width":1080,"height":717,"url":"https:\/\/www.volgueta.com\/informacion\/wp-content\/uploads\/2021\/02\/06-residu-zero.jpg","type":"image\/jpeg"}],"twitter_card":"summary_large_image","twitter_misc":{"Temps estimat de lectura":"1 minut"},"schema":{"@context":"https:\/\/schema.org","@graph":[{"@type":"WebPage","@id":"https:\/\/www.volgueta.com\/informacion\/comprar-volgueta\/","url":"https:\/\/www.volgueta.com\/informacion\/comprar-volgueta\/","name":"Tienda online de v\u00f6lgueta, joyas de papel reciclado","isPartOf":{"@id":"https:\/\/www.volgueta.com\/informacion\/#website"},"primaryImageOfPage":{"@id":"https:\/\/www.volgueta.com\/informacion\/comprar-volgueta\/#primaryimage"},"image":{"@id":"https:\/\/www.volgueta.com\/informacion\/comprar-volgueta\/#primaryimage"},"thumbnailUrl":"https:\/\/www.volgueta.com\/informacion\/wp-content\/uploads\/2021\/02\/06-residu-zero-1024x680.jpg","datePublished":"2018-01-19T15:01:28+00:00","dateModified":"2025-04-16T07:55:52+00:00","description":"Enlace a la tienda online de v\u00f6lgueta d\u00f3nde se pueden comprar las joyas de papel reciclado y informaci\u00f3n sobre puntos de venta.","breadcrumb":{"@id":"https:\/\/www.volgueta.com\/informacion\/comprar-volgueta\/#breadcrumb"},"inLanguage":"ca","potentialAction":[{"@type":"ReadAction","target":["https:\/\/www.volgueta.com\/informacion\/comprar-volgueta\/"]}]},{"@type":"ImageObject","inLanguage":"ca","@id":"https:\/\/www.volgueta.com\/informacion\/comprar-volgueta\/#primaryimage","url":"https:\/\/www.volgueta.com\/informacion\/wp-content\/uploads\/2021\/02\/06-residu-zero.jpg","contentUrl":"https:\/\/www.volgueta.com\/informacion\/wp-content\/uploads\/2021\/02\/06-residu-zero.jpg","width":1080,"height":717},{"@type":"BreadcrumbList","@id":"https:\/\/www.volgueta.com\/informacion\/comprar-volgueta\/#breadcrumb","itemListElement":[{"@type":"ListItem","position":1,"name":"Portada","item":"https:\/\/www.volgueta.com\/informacion\/"},{"@type":"ListItem","position":2,"name":"Comprar las joyas"}]},{"@type":"WebSite","@id":"https:\/\/www.volgueta.com\/informacion\/#website","url":"https:\/\/www.volgueta.com\/informacion\/","name":"Informaci\u00f3n sobre las joyas de papel reciclado v\u00f6lgueta","description":"Informaci\u00f3n y otras not\u00edcias de inter\u00e9s sobre v\u00f6lgueta, joyas de papel reciclado","potentialAction":[{"@type":"SearchAction","target":{"@type":"EntryPoint","urlTemplate":"https:\/\/www.volgueta.com\/informacion\/?s={search_term_string}"},"query-input":{"@type":"PropertyValueSpecification","valueRequired":true,"valueName":"search_term_string"}}],"inLanguage":"ca"}]}},"_links":{"self":[{"href":"https:\/\/www.volgueta.com\/informacion\/wp-json\/wp\/v2\/pages\/9","targetHints":{"allow":["GET"]}}],"collection":[{"href":"https:\/\/www.volgueta.com\/informacion\/wp-json\/wp\/v2\/pages"}],"about":[{"href":"https:\/\/www.volgueta.com\/informacion\/wp-json\/wp\/v2\/types\/page"}],"author":[{"embeddable":true,"href":"https:\/\/www.volgueta.com\/informacion\/wp-json\/wp\/v2\/users\/1"}],"replies":[{"embeddable":true,"href":"https:\/\/www.volgueta.com\/informacion\/wp-json\/wp\/v2\/comments?post=9"}],"version-history":[{"count":3,"href":"https:\/\/www.volgueta.com\/informacion\/wp-json\/wp\/v2\/pages\/9\/revisions"}],"predecessor-version":[{"id":780,"href":"https:\/\/www.volgueta.com\/informacion\/wp-json\/wp\/v2\/pages\/9\/revisions\/780"}],"wp:attachment":[{"href":"https:\/\/www.volgueta.com\/informacion\/wp-json\/wp\/v2\/media?parent=9"}],"curies":[{"name":"wp","href":"https:\/\/api.w.org\/{rel}","templated":true}]}}